1 a factor of 43763?
False
Is 3 a factor of 1045571?
False
Is 537550 a multiple of 50?
True
Is 3 a factor of 60411?
True
Does 62 divide 86774?
False
Does 100 divide 656692?
False
Does 858 divide 1969448?
False
Is 7 a factor of 178507?
True
Is 5 a factor of 80071?
False
Is 3629868 a multiple of 181?
False
Does 96 divide 535047?
False
Is 445818 a multiple of 10?
False
Is 88 a factor of 605000?
True
Is 19464 a multiple of 8?
True
Does 22 divide 367686?
True
Is 23700 a multiple of 27?
False
Is 107658 a multiple of 6?
True
Does 150 divide 299100?
True
Is 217 a factor of 179199?
False
Is 34970 a multiple of 4?
False
Does 25 divide 26354?
False
Does 320 divide 312000?
True
Is 12 a factor of 2361972?
True
Is 146305 a multiple of 145?
True
Does 10 divide 232000?
True
Is 124500 a multiple of 12?
True
Is 89496 a multiple of 11?
True
Is 190152 a multiple of 8?
True
Does 445 divide 762649?
False
Is 6 a factor of 41010?
True
Does 3 divide 105333?
True
Does 52 divide 121778?
False
Is 274 a factor of 185224?
True
Does 18 divide 77058?
True
Is 2239365 a multiple of 443?
True
Does 179 divide 328965?
False
Does 362 divide 2534?
True
Is 1167316 a multiple of 22?
False
Is 5510714 a multiple of 107?
True
Is 896359 a multiple of 54?
False
Is 11 a factor of 1313862?
True
Does 24 divide 3075504?
True
Does 334 divide 740682?
False
Is 13 a factor of 109733?
True
Is 39 a factor of 448244?
False
Is 168457 a multiple of 130?
False
Is 2 a factor of 16197?
False
Is 5 a factor of 21370?
True
Is 275210 a multiple of 10?
True
Is 23 a factor of 1818?
False
Is 133 a factor of 440097?
True
Is 472873 a multiple of 45?
False
Does 257 divide 5393402?
True
Is 10819639 a multiple of 265?
False
Is 710802 a multiple of 22?
False
Is 17564079 a multiple of 11?
False
Is 73 a factor of 79792?
False
Does 53 divide 15476?
True
Is 36 a factor of 1095660?
True
Does 6 divide 2771566?
False
Is 3 a factor of 218253?
True
Does 8 divide 123176?
True
Does 941 divide 1052900?
False
Is 4589588 a multiple of 94?
False
Is 153 a factor of 444292?
False
Is 742146 a multiple of 12?
False
Does 39 divide 993571?
False
Does 127 divide 108765?
False
Is 1321 a factor of 20565328?
True
Is 651 a factor of 690711?
True
Is 195376 even?
True
Does 127 divide 2484247?
True
Does 176 divide 20330?
False
Does 130 divide 84630?
True
Is 37420 a multiple of 9?
False
Is 23314 a multiple of 19?
False
Is 22 a factor of 135903?
False
Is 13 a factor of 841244?
False
Does 153 divide 118515?
False
Is 35 a factor of 469928?
False
Is 8 a factor of 42374?
False
Is 8 a factor of 184536?
True
Is 166 a factor of 34627167?
False
Does 172 divide 33868?
False
Does 2 divide 170028?
True
Is 914487 a multiple of 21?
True
Does 274 divide 290988?
True
Does 29 divide 166721?
True
Is 131965 even?
False
Is 60 a factor of 610080?
True
Is 52850 a multiple of 14?
True
Is 273664 a multiple of 16?
True
Is 216362 a multiple of 77?
False
Does 24 divide 452136?
True
Is 39 a factor of 8099715?
True
Is 30953726 a multiple of 386?
True
Does 223 divide 82647?
False
Does 215 divide 173856?
False
Does 543 divide 5651001?
True
Is 6096744 a multiple of 578?
True
Does 29 divide 9959?
False
Is 5 a factor of 4080?
True
Is 1715119 a multiple of 7?
True
Is 153195 a multiple of 35?
True
Does 20 divide 1784660?
True
Is 88 a factor of 59579?
False
Is 111 a factor of 1357945?
False
Does 14 divide 242984?
True
Is 926982 a multiple of 50?
False
Is 1255 a factor of 1139540?
True
Is 104981 a multiple of 10?
False
Is 9712186 a multiple of 87?
False
Is 18 a factor of 3312229?
False
Is 66 a factor of 4207830?
True
Does 2 divide 14223?
False
Does 47 divide 185691?
False
Is 6714321 a multiple of 31?
True
Is 16 a factor of 2805552?
True
Is 732180 a multiple of 16?
False
Does 486 divide 174666?
False
Is 61 a factor of 19280?
False
Is 27 a factor of 1011006?
False
Does 15 divide 56351?
False
Is 7854 a multiple of 714?
True
Does 9 divide 265401?
True
Is 3 a factor of 45598?
False
Is 2934772 a multiple of 454?
False
Is 551733 a multiple of 49?
False
Is 24 a factor of 696390?
False
Is 976462 a multiple of 13?
False
Is 921 a factor of 280905?
True
Is 2627040 a multiple of 312?
True
Does 41 divide 6016586?
True
Does 2 divide 17159?
False
Is 5547780 a multiple of 490?
True
Is 148772 a multiple of 20?
False
Is 47 a factor of 6770632?
True
Is 1131935 a multiple of 38?
False
Does 139 divide 866511?
False
Is 586046 a multiple of 43?
False
Is 557363 a multiple of 70?
False
Is 4707692 a multiple of 298?
False
Does 173 divide 2471305?
True
Is 1001182 a multiple of 219?
False
Is 95370 a multiple of 34?
True
Is 104 a factor of 114807?
False
Does 471 divide 384347?
False
Does 6 divide 1843986?
True
Is 174 a factor of 506435?
False
Is 60 a factor of 1146000?
True
Does 5 divide 5428095?
True
Is 24 a factor of 661120?
False
Is 762268 a multiple of 47?
False
Does 16 divide 1706437?
False
Does 103 divide 1562716?
True
Is 202123 a multiple of 107?
True
Is 272 a factor of 613360?
True
Is 1466 a factor of 2540578?
True
Is 59249 a multiple of 3?
False
Does 96 divide 161384?
False
Is 22 a factor of 308377?
False
Is 87150 a multiple of 9?
False
Is 93671 a multiple of 217?
False
Does 65 divide 169331?
False
Is 31057 even?
False
Is 105545 a multiple of 209?
True
Is 14 a factor of 96516?
True
Does 5 divide 43286?
False
Does 33 divide 525624?
True
Is 367 a factor of 2546602?
False
Is 279803 a multiple of 109?
True
Does 4 divide 16311?
False
Is 28 a factor of 6588316?
True
Does 8 divide 127448?
True
Does 392 divide 32329?
False
Is 1849310 a multiple of 505?
True
Is 438 a factor of 3560502?
True
Is 1521135 a multiple of 35?
True
Does 61 divide 2208505?
True
Is 3350340 a multiple of 42?
True
Is 108832 a multiple of 179?
True
Is 1818683 a multiple of 29?
False
Does 147 divide 106386?
False
Does 27 divide 232329?
False
Is 28 a factor of 5669430?
False
Does 68 divide 6457280?
True
Is 26 a factor of 433069?
False
Is 6 a factor of 43407?
False
Is 437 a factor of 1391269?
False
Is 9991018 a multiple of 834?
False
Is 317898 a multiple of 45?
False
Does 11 divide 240196?
True
Does 10 divide 407256?
False
Is 7 a factor of 394627?
False
Is 60 a factor of 24317400?
True
Is 998793 a multiple of 5?
False
Does 24 divide 317112?
True
Does 458 divide 2368318?
True
Does 8 divide 72014?
False
Is 288 a factor of 1160352?
True
Is 401 a multiple of 12?
False
Does 50 divide 829950?
True
Does 30 divide 4942380?
True
Does 152 divide 11552?
True
Is 33834357 a multiple of 69?
True
Does 10 divide 1560962?
False
Does 3 divide 4840?
False
Is 26 a factor of 167440?
True
Does 2 divide 60579?
False
Is 115854 a multiple of 47?
False
Is 395657 a multiple of 84?
False
Is 198731 a multiple of 21?
False
Does 539 divide 42939?
False
Is 5 a factor of 71160?
True
Does 738 divide 4252196?
False
Does 209 divide 14081584?
True
Does 290 divide 1182330?
True
Is 39159 a multiple of 164?
False
Is 16 a factor of 3934080?
True
Is 29 a factor of 1972763?
False
Is 1008559 a multiple of 8?
False
Is 1666 a factor of 6649519?
False
Is 7 a factor of 100623?
False
Is 10 a factor of 476350?
True
Is 78 a factor of 112398?
True
Does 32 divide 763168?
True
Does 573 divide 8856288?
True
Does 145 divide 50444?
False
Is 18507 a multiple of 38?
False
Is 206752 a multiple of 14?
True
Is 161448 a multiple of 124?
True
Is 1134006 a multiple of 331?
True
Is 416 a factor of 67863?
False
Is 358849 a multiple of 3?
False
Does 6 divide 189427?
False
Is 227 a factor of 1022635?
True
Is 201537 a multiple of 9?
True
Does 3 divide 93068?
False
Does 32 divide 283328?
True
Is 2533 a multiple of 20?
False
Does 114 divide 5759472?
False
Is 61 a factor of 25876678?
False
Is 148 a factor of 97532?
True
Is 567 a factor of 1516755?
False
Does 40 divide 2643102?
False
Does 748 divide 8183868?
True
Does 1919 divide 1776994?
True
Is 57 a factor of 4600535?
False
Is 3 a factor of 507295?
False
Is 13 a factor of 6508746?
False
Does 147 divide 52479?
True
Is 4 a factor of 267210?
False
Is 78 a factor of 1965288?
True
Is 350620 a multiple of 10?
True
Does 26 divide 6838?
True
Is 3 a factor of 1263684?
True
Is 1023710 a multiple of 10?
True
Is 886091 a multiple of 47?
True
Is 22 a factor of 1953644?
True
Is 1482 a factor of 46908?
False
Is 157 a factor of 42235?
False
Is 312 a factor of 247416?
True
Is 1